{"id":99,"date":"2025-12-22T08:46:34","date_gmt":"2025-12-22T11:46:34","guid":{"rendered":"http:\/\/jullyfriend.com.br\/?page_id=99"},"modified":"2026-04-09T08:34:25","modified_gmt":"2026-04-09T11:34:25","slug":"atendimento","status":"publish","type":"page","link":"https:\/\/jullyfriend.com.br\/?page_id=99","title":{"rendered":"ATENDIMENTO"},"content":{"rendered":"\n<p><\/p>\n\n\n\n<div class=\"wp-block-columns are-vertically-aligned-top is-layout-flex wp-container-core-columns-is-layout-9d6595d7 wp-block-columns-is-layout-flex\">\n<div class=\"wp-block-column is-vertically-aligned-top is-layout-flow wp-block-column-is-layout-flow\">\n<div class=\"wp-block-cover is-light has-medium-font-size\"><img loading=\"lazy\" decoding=\"async\" width=\"150\" height=\"150\" class=\"wp-block-cover__image-background wp-image-101 size-thumbnail\" alt=\"\" src=\"http:\/\/jullyfriend.com.br\/wp-content\/uploads\/2025\/12\/Jullyfriend-Logo-2000-x-1200-px-7-1-150x150.png\" style=\"object-position:50% 63%\" data-object-fit=\"cover\" data-object-position=\"50% 63%\" srcset=\"https:\/\/jullyfriend.com.br\/wp-content\/uploads\/2025\/12\/Jullyfriend-Logo-2000-x-1200-px-7-1-150x150.png 150w, https:\/\/jullyfriend.com.br\/wp-content\/uploads\/2025\/12\/Jullyfriend-Logo-2000-x-1200-px-7-1-100x100.png 100w\" sizes=\"auto, (max-width: 150px) 100vw, 150px\" \/><span aria-hidden=\"true\" class=\"wp-block-cover__background has-background-dim-0 has-background-dim\"><\/span><div class=\"wp-block-cover__inner-container is-layout-flow wp-block-cover-is-layout-flow\">\n<p class=\"has-text-align-center has-large-font-size\"><strong>O que acontece na primeira sess\u00e3o?<\/strong><\/p>\n<\/div><\/div>\n<\/div>\n\n\n\n<div class=\"wp-block-column is-vertically-aligned-top is-layout-flow wp-block-column-is-layout-flow\">\n<p class=\"has-text-align-left\" style=\"font-size:18px\"><br>Na primeira sess\u00e3o, voc\u00ea ser\u00e1 acolhido com escuta sens\u00edvel e aten\u00e7\u00e3o plena. Conversaremos sobre suas necessidades, expectativas e objetivos terap\u00eauticos, criando juntos um espa\u00e7o seguro para sua transforma\u00e7\u00e3o.<\/p>\n\n\n\n<p style=\"font-size:18px\">Essa sess\u00e3o pode acontecer de forma <strong>online ou presencial<\/strong>, conforme sua prefer\u00eancia. E acima de tudo, <strong>\u00e9 totalmente confidencial<\/strong>: tudo o que for compartilhado ser\u00e1 tratado com respeito, \u00e9tica e sigilo profissional.<\/p>\n<\/div>\n<\/div>\n\n\n\n<hr class=\"wp-block-separator has-text-color has-vivid-purple-color has-alpha-channel-opacity has-vivid-purple-background-color has-background is-style-wide\"\/>\n\n\n\n<blockquote class=\"wp-block-quote has-medium-font-size is-layout-flow wp-block-quote-is-layout-flow\">\n<p>ONLINE<\/p>\n<\/blockquote>\n\n\n\n<p style=\"font-size:15px\">Uma conversa profunda e acolhedora, onde identifico as causas mais sutis dos seus travamentos emocionais e f\u00edsicos.<br>Mapeamos juntos seus principais bloqueios, padr\u00f5es e repeti\u00e7\u00f5es.<br>Voc\u00ea recebe um protocolo personalizado de Terapia com \u00f3leos essenciais para iniciar seu processo de transforma\u00e7\u00e3o.<br>Essa \u00e9 uma abordagem integrativa, que considera corpo, mente e emo\u00e7\u00f5es. Para dores f\u00edsicas \u2014 especialmente em casos cr\u00edticos \u2014 o tratamento deve acontecer em paralelo com acompanhamento m\u00e9dico.<\/p>\n\n\n\n<hr class=\"wp-block-separator has-text-color has-vivid-purple-color has-alpha-channel-opacity has-vivid-purple-background-color has-background\"\/>\n\n\n\n<blockquote class=\"wp-block-quote has-medium-font-size is-layout-flow wp-block-quote-is-layout-flow\" style=\"line-height:1\">\n<p>PRESENCIAL<\/p>\n<\/blockquote>\n\n\n\n<p style=\"font-size:15px\">Al\u00e9m da escuta terap\u00eautica para quest\u00f5es emocionais e f\u00edsicas, realizamos uma an\u00e1lise com o Zyto Balance, tecnologia que identifica desequil\u00edbrios energ\u00e9ticos no corpo.<br>Voc\u00ea recebe um protocolo personalizado de Terapia com \u00f3leos essenciais para iniciar seu processo de transforma\u00e7\u00e3o.<br>Essa \u00e9 uma abordagem integrativa, que considera corpo, mente e emo\u00e7\u00f5es. Para dores f\u00edsicas \u2014 especialmente em casos cr\u00edticos \u2014 o tratamento deve acontecer em paralelo com acompanhamento m\u00e9dico.<\/p>\n\n\n\n<hr class=\"wp-block-separator has-text-color has-vivid-purple-color has-alpha-channel-opacity has-vivid-purple-background-color has-background\"\/>\n\n\n\n<p class=\"has-text-align-center has-very-light-gray-to-cyan-bluish-gray-gradient-background has-background has-medium-font-size\" style=\"font-style:normal;font-weight:500\"><em><strong>Ambos os formatos s\u00e3o eficazes<\/strong> e promovem resultados reais. No atendimento presencial, o uso do aparelho Zyto Balance potencializa ainda mais os efeitos terap\u00eauticos, oferecendo uma abordagem precisa e integrativa para quest\u00f5es f\u00edsicas e emocionais.<\/em><\/p>\n\n\n\n<blockquote class=\"wp-block-quote alignleft has-text-align-center is-layout-flow wp-block-quote-is-layout-flow\">\n<p><\/p>\n<\/blockquote>\n\n\n\n<p><strong>VALORES:<\/strong><br>Presencial \u2013 R$ 300,00<br>On-line \u2013 R$ 200,00<\/p>\n\n\n\n<p><br><\/p>\n\n\n\n<div class=\"wp-block-buttons is-content-justification-center is-layout-flex wp-container-core-buttons-is-layout-16018d1d wp-block-buttons-is-layout-flex\">\n<div class=\"wp-block-button\"><a class=\"wp-block-button__link has-vivid-purple-background-color has-background wp-element-button\" href=\"https:\/\/minhaagendavirtual.com.br\/agendamentos\/incluir\/jullyfriend\/horarios\">CLIQUE AQUI E FA\u00c7A SEU AGENDAMENTO<\/a><\/div>\n<\/div>\n\n\n\n<p><\/p>\n","protected":false},"excerpt":{"rendered":"<p>Na primeira sess\u00e3o, voc\u00ea ser\u00e1 acolhido com escuta sens\u00edvel e aten\u00e7\u00e3o plena. Conversaremos sobre suas necessidades, expectativas e objetivos terap\u00eauticos, criando juntos um espa\u00e7o seguro para sua transforma\u00e7\u00e3o. Essa sess\u00e3o pode acontecer de forma online ou presencial, conforme sua prefer\u00eancia. E acima de tudo, \u00e9 totalmente confidencial: tudo o que for compartilhado ser\u00e1 tratado com&#8230;<\/p>\n","protected":false},"author":1,"featured_media":0,"parent":0,"menu_order":0,"comment_status":"closed","ping_status":"closed","template":"","meta":{"_kad_post_transparent":"","_kad_post_title":"","_kad_post_layout":"","_kad_post_sidebar_id":"","_kad_post_content_style":"","_kad_post_vertical_padding":"","_kad_post_feature":"","_kad_post_feature_position":"","_kad_post_header":false,"_kad_post_footer":false,"_kad_post_classname":"","footnotes":""},"class_list":["post-99","page","type-page","status-publish","hentry"],"_links":{"self":[{"href":"https:\/\/jullyfriend.com.br\/index.php?rest_route=\/wp\/v2\/pages\/99","targetHints":{"allow":["GET"]}}],"collection":[{"href":"https:\/\/jullyfriend.com.br\/index.php?rest_route=\/wp\/v2\/pages"}],"about":[{"href":"https:\/\/jullyfriend.com.br\/index.php?rest_route=\/wp\/v2\/types\/page"}],"author":[{"embeddable":true,"href":"https:\/\/jullyfriend.com.br\/index.php?rest_route=\/wp\/v2\/users\/1"}],"replies":[{"embeddable":true,"href":"https:\/\/jullyfriend.com.br\/index.php?rest_route=%2Fwp%2Fv2%2Fcomments&post=99"}],"version-history":[{"count":17,"href":"https:\/\/jullyfriend.com.br\/index.php?rest_route=\/wp\/v2\/pages\/99\/revisions"}],"predecessor-version":[{"id":320,"href":"https:\/\/jullyfriend.com.br\/index.php?rest_route=\/wp\/v2\/pages\/99\/revisions\/320"}],"wp:attachment":[{"href":"https:\/\/jullyfriend.com.br\/index.php?rest_route=%2Fwp%2Fv2%2Fmedia&parent=99"}],"curies":[{"name":"wp","href":"https:\/\/api.w.org\/{rel}","templated":true}]}}